{"id":105,"date":"2018-05-02T09:06:26","date_gmt":"2018-05-02T09:06:26","guid":{"rendered":"http:\/\/zwikbystrzyca.pl\/?page_id=105"},"modified":"2019-01-07T12:53:09","modified_gmt":"2019-01-07T12:53:09","slug":"regulamin","status":"publish","type":"page","link":"https:\/\/zwikbystrzyca.pl\/?page_id=105","title":{"rendered":"Regulamin"},"content":{"rendered":"<p style=\"text-align: center;\">Uchwa\u0142a Nr LXIII\/562\/18<br \/>\nRady Miejskiej w Bystrzycy K\u0142odzkiej<br \/>\nz dnia 16 listopada 2018 r.<br \/>\nw sprawie zatwierdzenia Regulaminu dostarczania wody i odprowadzania \u015bciek\u00f3w dla odbiorc\u00f3w us\u0142ug Gminy Bystrzyca K\u0142odzka<\/p>\n<p style=\"text-align: center;\"><a href=\"https:\/\/zwikbystrzyca.pl\/wp-content\/uploads\/2019\/01\/regulamin2018.pdf\">ZOBACZ<\/a><\/p>\n","protected":false},"excerpt":{"rendered":"<p>Uchwa\u0142a Nr LXIII\/562\/18 Rady Miejskiej w Bystrzycy K\u0142odzkiej z dnia 16 listopada 2018 r. w sprawie zatwierdzenia Regulaminu dostarczania wody i odprowadzania \u015bciek\u00f3w dla odbiorc\u00f3w us\u0142ug Gminy Bystrzyca K\u0142odzka ZOBACZ<\/p>\n","protected":false},"author":2,"featured_media":0,"parent":46,"menu_order":4,"comment_status":"closed","ping_status":"closed","template":"","meta":{"footnotes":""},"class_list":["post-105","page","type-page","status-publish","hentry"],"_links":{"self":[{"href":"https:\/\/zwikbystrzyca.pl\/index.php?rest_route=\/wp\/v2\/pages\/105","targetHints":{"allow":["GET"]}}],"collection":[{"href":"https:\/\/zwikbystrzyca.pl\/index.php?rest_route=\/wp\/v2\/pages"}],"about":[{"href":"https:\/\/zwikbystrzyca.pl\/index.php?rest_route=\/wp\/v2\/types\/page"}],"author":[{"embeddable":true,"href":"https:\/\/zwikbystrzyca.pl\/index.php?rest_route=\/wp\/v2\/users\/2"}],"replies":[{"embeddable":true,"href":"https:\/\/zwikbystrzyca.pl\/index.php?rest_route=%2Fwp%2Fv2%2Fcomments&post=105"}],"version-history":[{"count":3,"href":"https:\/\/zwikbystrzyca.pl\/index.php?rest_route=\/wp\/v2\/pages\/105\/revisions"}],"predecessor-version":[{"id":770,"href":"https:\/\/zwikbystrzyca.pl\/index.php?rest_route=\/wp\/v2\/pages\/105\/revisions\/770"}],"up":[{"embeddable":true,"href":"https:\/\/zwikbystrzyca.pl\/index.php?rest_route=\/wp\/v2\/pages\/46"}],"wp:attachment":[{"href":"https:\/\/zwikbystrzyca.pl\/index.php?rest_route=%2Fwp%2Fv2%2Fmedia&parent=105"}],"curies":[{"name":"wp","href":"https:\/\/api.w.org\/{rel}","templated":true}]}}