{"id":1218,"date":"2022-12-06T13:53:02","date_gmt":"2022-12-06T13:53:02","guid":{"rendered":"https:\/\/zwikbystrzyca.pl\/?page_id=1218"},"modified":"2024-11-04T11:13:27","modified_gmt":"2024-11-04T11:13:27","slug":"ubezpieczenie-majatku-i-oc","status":"publish","type":"page","link":"https:\/\/zwikbystrzyca.pl\/?page_id=1218","title":{"rendered":"Ubezpieczenie maj\u0105tku i OC"},"content":{"rendered":"<p style=\"text-align: right;\"><span style=\"color: #ff0000;\">AKTUALIZACJA 22.12.2022 R.<\/span><\/p>\n<p style=\"text-align: center;\">UBEZPIECZENIE MAJ\u0104TKU I ODPOWIEDZIALNO\u015aCI CYWILNEJ<br \/>\nZAK\u0141ADU WODOCI\u0104G\u00d3W I KANALIZACJI SP\u00d3\u0141KA<br \/>\nZ OGRANICZON\u0104 ODPOWIEDZIALNO\u015aCI\u0104 W BYSTRZYCY K\u0141ODZKIEJ<\/p>\n<p style=\"text-align: center;\"><a href=\"https:\/\/serwer1880945.home.pl\/pliki\/UBEZPIECZENIE\/wynik_postepowania2.pdf\">OG\u0141OSZENIE O WYNIKU POST\u0118POWANIA<\/a><\/p>\n<p>&nbsp;<\/p>\n<hr \/>\n<p style=\"text-align: right;\"><span style=\"color: #ff0000;\">AKTUALIZACJA 22.12.2022 R.<\/span><\/p>\n<p style=\"text-align: center;\">UBEZPIECZENIE MAJ\u0104TKU I ODPOWIEDZIALNO\u015aCI CYWILNEJ<br \/>\nZAK\u0141ADU WODOCI\u0104G\u00d3W I KANALIZACJI SP\u00d3\u0141KA<br \/>\nZ OGRANICZON\u0104 ODPOWIEDZIALNO\u015aCI\u0104 W BYSTRZYCY K\u0141ODZKIEJ<\/p>\n<p style=\"text-align: center;\"><a href=\"https:\/\/serwer1880945.home.pl\/pliki\/UBEZPIECZENIE\/informacja_wybor_oferty.pdf\">INFORMACJA O WYBORZE OFERTY<\/a><\/p>\n<p style=\"text-align: right;\"><span style=\"color: #ff0000;\">\u00a0<\/span><\/p>\n<p>&nbsp;<\/p>\n<p>&nbsp;<\/p>\n<hr \/>\n<p style=\"text-align: right;\"><span style=\"color: #ff0000;\">AKTUALIZACJA 16.12.2022 R.<\/span><\/p>\n<p style=\"text-align: center;\">UBEZPIECZENIE MAJ\u0104TKU I ODPOWIEDZIALNO\u015aCI CYWILNEJ<br \/>\nZAK\u0141ADU WODOCI\u0104G\u00d3W I KANALIZACJI SP\u00d3\u0141KA<br \/>\nZ OGRANICZON\u0104 ODPOWIEDZIALNO\u015aCI\u0104 W BYSTRZYCY K\u0141ODZKIEJ<\/p>\n<p style=\"text-align: center;\"><a href=\"https:\/\/serwer1880945.home.pl\/pliki\/UBEZPIECZENIE\/info_z_otw_ofert16122022.pdf\">INFORMACJA Z OTWARCIA OFERT<\/a><\/p>\n<p>&nbsp;<\/p>\n<hr \/>\n<p style=\"text-align: right;\"><span style=\"color: #ff0000;\">AKTUALIZACJA 14.12.2022 R.<\/span><\/p>\n<p style=\"text-align: center;\">UBEZPIECZENIE MAJ\u0104TKU I ODPOWIEDZIALNO\u015aCI CYWILNEJ<br \/>\nZAK\u0141ADU WODOCI\u0104G\u00d3W I KANALIZACJI SP\u00d3\u0141KA<br \/>\nZ OGRANICZON\u0104 ODPOWIEDZIALNO\u015aCI\u0104 W BYSTRZYCY K\u0141ODZKIEJ<\/p>\n<p style=\"text-align: center;\"><a href=\"https:\/\/serwer1880945.home.pl\/pliki\/UBEZPIECZENIE\/zmianaogl14122022.pdf\">OG\u0141OSZENIE O ZMIANIE OG\u0141OSZENIA<\/a><\/p>\n<p style=\"text-align: center;\"><a href=\"https:\/\/serwer1880945.home.pl\/pliki\/UBEZPIECZENIE\/odpowiedzi14122022.pdf\">ODPOWIEDZI NA PYTANIA Z DNIA 14.12.2022 R.<\/a><\/p>\n<p>&nbsp;<\/p>\n<p style=\"text-align: right;\"><span style=\"color: #ff0000;\">\u00a0<\/span><\/p>\n<p>&nbsp;<\/p>\n<p>&nbsp;<\/p>\n<hr \/>\n<p style=\"text-align: right;\"><span style=\"color: #ff0000;\">AKTUALIZACJA 12.12.2022 R.<\/span><\/p>\n<p style=\"text-align: center;\">UBEZPIECZENIE MAJ\u0104TKU I ODPOWIEDZIALNO\u015aCI CYWILNEJ<br \/>\nZAK\u0141ADU WODOCI\u0104G\u00d3W I KANALIZACJI SP\u00d3\u0141KA<br \/>\nZ OGRANICZON\u0104 ODPOWIEDZIALNO\u015aCI\u0104 W BYSTRZYCY K\u0141ODZKIEJ<\/p>\n<p style=\"text-align: center;\"><a href=\"https:\/\/serwer1880945.home.pl\/pliki\/UBEZPIECZENIE\/odpowiedzi12122022.pdf\">ODPOWIEDZI NA PYTANIA Z DNIA 12.12.2022 R.<\/a><\/p>\n<p>&nbsp;<\/p>\n<p>&nbsp;<\/p>\n<hr \/>\n<p style=\"text-align: right;\"><span style=\"color: #ff0000;\">06.12.2022 r.<\/span><\/p>\n<p style=\"text-align: center;\">UBEZPIECZENIE MAJ\u0104TKU I ODPOWIEDZIALNO\u015aCI CYWILNEJ<br \/>\nZAK\u0141ADU WODOCI\u0104G\u00d3W I KANALIZACJI SP\u00d3\u0141KA<br \/>\nZ OGRANICZON\u0104 ODPOWIEDZIALNO\u015aCI\u0104 W BYSTRZYCY K\u0141ODZKIEJ<\/p>\n<p style=\"text-align: center;\"><a href=\"https:\/\/serwer1880945.home.pl\/pliki\/UBEZPIECZENIE\/ogloszenie05122022.pdf\">OG\u0141OSZENIE O ZAM\u00d3WIENIU<\/a><\/p>\n<p style=\"text-align: center;\"><a href=\"https:\/\/serwer1880945.home.pl\/pliki\/UBEZPIECZENIE\/SWZ05122022.docx\">SPECYFIKACJA WARUNK\u00d3W ZAM\u00d3WIENIA<\/a><\/p>\n<p style=\"text-align: center;\"><a href=\"https:\/\/serwer1880945.home.pl\/pliki\/UBEZPIECZENIE\/OPZ05122022.docx\">OPIS PRZEDMIOTU ZAM\u00d3WIENIA<\/a><\/p>\n<p style=\"text-align: center;\"><a href=\"https:\/\/serwer1880945.home.pl\/pliki\/UBEZPIECZENIE\/zal1d05122022.xlsx\">ZA\u0141\u0104CZNIK 1d DO SIWZ<\/a><\/p>\n<p style=\"text-align: center;\"><strong>Adres strony internetowej prowadzonego post\u0119powania:<\/strong><br \/>\n<a href=\"https:\/\/ezamowienia.gov.pl\/mp-client\/search\/list\/ocds-148610-6f058253-7562-11ed-94da-6ae0fe5e7159\">https:\/\/ezamowienia.gov.pl\/mp-client\/search\/list\/ocds-148610-175c7464-5c1f-11ed-9171-f6b7c7d59353<\/a><\/p>\n<p>&nbsp;<\/p>\n<p style=\"text-align: center;\"><strong>WSZELKIE PYTANIA DOTYCZ\u0104CE W\/W POST\u0118POWANIA <\/strong><\/p>\n<p style=\"text-align: center;\"><strong>PROSIMY KIEROWA\u0106 NA ADRES:<\/strong><\/p>\n<p style=\"text-align: center;\">sekretariat@zwikbystrzyca.pl<\/p>\n<p>&nbsp;<\/p>\n<p><span style=\"color: #ff0000;\"><strong>W celu z\u0142o\u017cenia oferty nale\u017cy post\u0119powa\u0107 zgodnie z poni\u017cszymi wskaz\u00f3wkami:<\/strong><\/span><br \/>\n<span style=\"color: #ff0000;\"><strong>1) wybra\u0107 stron\u0119 internetow\u0105 prowadzonego post\u0119powania, zalogowa\u0107 si\u0119 na platform\u0119 e-Zam\u00f3wienia a nast\u0119pnie przej\u015b\u0107<\/strong><\/span><br \/>\n<span style=\"color: #ff0000;\"><strong>do zak\u0142adki \u201eOferty\/wnioski\u201d widocznej w podgl\u0105dzie post\u0119powania,<\/strong><\/span><br \/>\n<span style=\"color: #ff0000;\"><strong>2) po wybraniu przycisku \u201eZ\u0142\u00f3\u017c ofert\u0119\u201d uka\u017c\u0105 si\u0119 wykonawcy dwa pola, tj.:<\/strong><\/span><br \/>\n<span style=\"color: #ff0000;\"><strong>a) \u201eWype\u0142niony formularz oferty\u201d<\/strong><\/span><br \/>\n<span style=\"color: #ff0000;\"><strong>b) \u201eZa\u0142\u0105czniki i inne dokumenty przedstawiane w ofercie przez Wykonawc\u0119\u201d.<\/strong><\/span><br \/>\n<span style=\"color: #ff0000;\"><strong>3) wykonawca dodaje wybrany z dysku i uprzednio podpisany formularz oferty w pierwszym polu (\u201eWype\u0142niony formularz<\/strong><\/span><br \/>\n<span style=\"color: #ff0000;\"><strong>oferty\u201d). W kolejnym polu (\u201eZa\u0142\u0105czniki i inne dokumenty przedstawione w ofercie przez Wykonawc\u0119\u201d) wykonawca dodaje<\/strong> <strong>pozosta\u0142e pliki sk\u0142adane wraz z ofert\u0105. Nast\u0119pnie wybiera przycisk \u201eWy\u015blij pliki i z\u0142\u00f3\u017c ofert\u0119\u201d,<\/strong><\/span><br \/>\n<span style=\"color: #ff0000;\"><strong>4) je\u017celi wraz z ofert\u0105 sk\u0142adane s\u0105 dokumenty zawieraj\u0105ce tajemnic\u0119 przedsi\u0119biorstwa wykonawca, w celu utrzymania w <\/strong><strong>poufno\u015bci tych informacji, przekazuje je w wydzielonym i odpowiednio oznaczonym pliku, wraz z jednoczesnym<\/strong><\/span><br \/>\n<span style=\"color: #ff0000;\"><strong>zaznaczeniem w nazwie pliku \u201eDokument stanowi\u0105cy tajemnic\u0119 przedsi\u0119biorstwa\u201d. Zar\u00f3wno za\u0142\u0105cznik stanowi\u0105cy tajemnic\u0119<\/strong><\/span><br \/>\n<span style=\"color: #ff0000;\"><strong>przedsi\u0119biorstwa, jak i uzasadnienie zastrze\u017cenia tajemnicy przedsi\u0119biorstwa, nale\u017cy doda\u0107 w polu \u201eZa\u0142\u0105czniki i inne<\/strong><\/span><br \/>\n<span style=\"color: #ff0000;\"><strong>dokumenty przedstawione w ofercie przez Wykonawc\u0119\u201d.<\/strong><\/span><br \/>\n<span style=\"color: #ff0000;\"><strong>5) system sprawdza, czy z\u0142o\u017cone pliki s\u0105 podpisane i automatycznie je szyfruje, jednocze\u015bnie informuj\u0105c o tym wykonawc\u0119.<\/strong><\/span><br \/>\n<span style=\"color: #ff0000;\"><strong>Potwierdzenie czasu przekazania i odbioru oferty znajduje si\u0119 w Elektronicznym Potwierdzeniu Przes\u0142ania (EPP) i<\/strong><\/span><br \/>\n<span style=\"color: #ff0000;\"><strong>Elektronicznym Potwierdzeniu Odebrania (EPO). EPP i EPO dost\u0119pne s\u0105 dla zalogowanego wykonawcy w zak\u0142adce <\/strong><strong>\u201eOferty\/Wnioski\u201d.<\/strong><\/span><br \/>\n<span style=\"color: #ff0000;\"><strong>3. Oferta mo\u017ce by\u0107 z\u0142o\u017cona tylko do up\u0142ywu terminu sk\u0142adania ofert.<\/strong><\/span><br \/>\n<span style=\"color: #ff0000;\"><strong>4. Wykonawca mo\u017ce przed up\u0142ywem terminu sk\u0142adania ofert wycofa\u0107 ofert\u0119. Wykonawca wycofuje ofert\u0119 w zak\u0142adce <\/strong><strong>\u201eOferty\/wnioski\u201d u\u017cywaj\u0105c przycisku \u201eWycofaj ofert\u0119\u201d.<\/strong><\/span><br \/>\n<span style=\"color: #ff0000;\"><strong>5. Maksymalny \u0142\u0105czny rozmiar plik\u00f3w stanowi\u0105cych ofert\u0119 lub sk\u0142adanych wraz z ofert\u0105 to 250 MB.<\/strong><\/span><br \/>\n<span style=\"color: #ff0000;\"><strong>6. O terminie z\u0142o\u017cenia oferty decyduje czas otrzymania zaszyfrowanego pliku oferty przez platform\u0119 e-Zam\u00f3wienia.<\/strong><\/span><\/p>\n","protected":false},"excerpt":{"rendered":"<p>AKTUALIZACJA 22.12.2022 R. UBEZPIECZENIE MAJ\u0104TKU I ODPOWIEDZIALNO\u015aCI CYWILNEJ ZAK\u0141ADU WODOCI\u0104G\u00d3W I KANALIZACJI SP\u00d3\u0141KA Z OGRANICZON\u0104 ODPOWIEDZIALNO\u015aCI\u0104 W BYSTRZYCY K\u0141ODZKIEJ OG\u0141OSZENIE O WYNIKU POST\u0118POWANIA &nbsp; AKTUALIZACJA 22.12.2022 R. UBEZPIECZENIE MAJ\u0104TKU I ODPOWIEDZIALNO\u015aCI CYWILNEJ ZAK\u0141ADU WODOCI\u0104G\u00d3W I KANALIZACJI SP\u00d3\u0141KA Z OGRANICZON\u0104 ODPOWIEDZIALNO\u015aCI\u0104 W BYSTRZYCY K\u0141ODZKIEJ INFORMACJA O WYBORZE OFERTY \u00a0 &nbsp; &nbsp; &hellip;<\/p>\n","protected":false},"author":2,"featured_media":0,"parent":1396,"menu_order":0,"comment_status":"closed","ping_status":"closed","template":"","meta":{"footnotes":""},"class_list":["post-1218","page","type-page","status-publish","hentry"],"_links":{"self":[{"href":"https:\/\/zwikbystrzyca.pl\/index.php?rest_route=\/wp\/v2\/pages\/1218","targetHints":{"allow":["GET"]}}],"collection":[{"href":"https:\/\/zwikbystrzyca.pl\/index.php?rest_route=\/wp\/v2\/pages"}],"about":[{"href":"https:\/\/zwikbystrzyca.pl\/index.php?rest_route=\/wp\/v2\/types\/page"}],"author":[{"embeddable":true,"href":"https:\/\/zwikbystrzyca.pl\/index.php?rest_route=\/wp\/v2\/users\/2"}],"replies":[{"embeddable":true,"href":"https:\/\/zwikbystrzyca.pl\/index.php?rest_route=%2Fwp%2Fv2%2Fcomments&post=1218"}],"version-history":[{"count":9,"href":"https:\/\/zwikbystrzyca.pl\/index.php?rest_route=\/wp\/v2\/pages\/1218\/revisions"}],"predecessor-version":[{"id":1398,"href":"https:\/\/zwikbystrzyca.pl\/index.php?rest_route=\/wp\/v2\/pages\/1218\/revisions\/1398"}],"up":[{"embeddable":true,"href":"https:\/\/zwikbystrzyca.pl\/index.php?rest_route=\/wp\/v2\/pages\/1396"}],"wp:attachment":[{"href":"https:\/\/zwikbystrzyca.pl\/index.php?rest_route=%2Fwp%2Fv2%2Fmedia&parent=1218"}],"curies":[{"name":"wp","href":"https:\/\/api.w.org\/{rel}","templated":true}]}}