{"id":903,"date":"2019-12-02T13:42:46","date_gmt":"2019-12-02T13:42:46","guid":{"rendered":"https:\/\/zwikbystrzyca.pl\/?page_id=903"},"modified":"2024-11-04T11:14:10","modified_gmt":"2024-11-04T11:14:10","slug":"ubezpieczenie-interesow-majatkowych","status":"publish","type":"page","link":"https:\/\/zwikbystrzyca.pl\/?page_id=903","title":{"rendered":"Ubezpieczenie Interes\u00f3w Maj\u0105tkowych"},"content":{"rendered":"<p style=\"text-align: right;\"><span style=\"color: #ff0000;\">AKTUALIZACJA 05.01.2023 r<\/span><\/p>\n<p style=\"text-align: center;\"><strong>UBEZPIECZENIE MAJ\u0104TKU I INNYCH INTERES\u00d3W<\/strong><br \/>\n<strong>ZAK\u0141ADU WODOCI\u0104G\u00d3W I KANALIZACJI SP\u00d3\u0141KA Z OGRANICZON\u0104<\/strong><br \/>\n<strong>ODPOWIEDZIALNO\u015aCI\u0104 W BYSTRZYCY K\u0141ODZKIEJ<\/strong><\/p>\n<p style=\"text-align: center;\"><a href=\"https:\/\/serwer1880945.home.pl\/pliki\/UBEZPIECZENIE\/wynik_postepowania1.pdf\">OG\u0141OSZENIE O WYNIKU POST\u0118POWANIA<\/a><\/p>\n<p>&nbsp;<\/p>\n<p>&nbsp;<\/p>\n<hr \/>\n<p>&nbsp;<\/p>\n<p style=\"text-align: right;\"><span style=\"color: #ff0000;\">AKTUALIZACJA 14.12.2022 r<\/span><\/p>\n<p style=\"text-align: center;\"><strong>UBEZPIECZENIE MAJ\u0104TKU I INNYCH INTERES\u00d3W<\/strong><br \/>\n<strong>ZAK\u0141ADU WODOCI\u0104G\u00d3W I KANALIZACJI SP\u00d3\u0141KA Z OGRANICZON\u0104<\/strong><br \/>\n<strong>ODPOWIEDZIALNO\u015aCI\u0104 W BYSTRZYCY K\u0141ODZKIEJ<\/strong><\/p>\n<p style=\"text-align: center;\"><a href=\"https:\/\/serwer1880945.home.pl\/pliki\/UBEZPIECZENIE\/inf_wybor_oferty.pdf\">INFORMACJA O WYBORZE OFERTY<\/a><\/p>\n<p>&nbsp;<\/p>\n<p>&nbsp;<\/p>\n<hr \/>\n<p style=\"text-align: right;\"><span style=\"color: #ff0000;\">AKTUALIZACJA 06.12.2022 r<\/span><\/p>\n<p style=\"text-align: center;\"><strong>UBEZPIECZENIE MAJ\u0104TKU I INNYCH INTERES\u00d3W<\/strong><br \/>\n<strong>ZAK\u0141ADU WODOCI\u0104G\u00d3W I KANALIZACJI SP\u00d3\u0141KA Z OGRANICZON\u0104<\/strong><br \/>\n<strong>ODPOWIEDZIALNO\u015aCI\u0104 W BYSTRZYCY K\u0141ODZKIEJ<\/strong><\/p>\n<p style=\"text-align: center;\"><a href=\"https:\/\/serwer1880945.home.pl\/pliki\/UBEZPIECZENIE\/uniewaznienie.pdf\">ZAWIADOMIENIE O UNIEWA\u017bNIENIU POST\u0118POWANIA<\/a><\/p>\n<p>&nbsp;<\/p>\n<p>&nbsp;<\/p>\n<hr \/>\n<p style=\"text-align: right;\"><span style=\"color: #ff0000;\">AKTUALIZACJA 02.12.2022 r<\/span><\/p>\n<p style=\"text-align: center;\"><strong>UBEZPIECZENIE MAJ\u0104TKU I INNYCH INTERES\u00d3W<\/strong><br \/>\n<strong>ZAK\u0141ADU WODOCI\u0104G\u00d3W I KANALIZACJI SP\u00d3\u0141KA Z OGRANICZON\u0104<\/strong><br \/>\n<strong>ODPOWIEDZIALNO\u015aCI\u0104 W BYSTRZYCY K\u0141ODZKIEJ<\/strong><\/p>\n<p style=\"text-align: center;\"><a href=\"https:\/\/serwer1880945.home.pl\/pliki\/UBEZPIECZENIE\/informacja_otwarcie_ofert.pdF\">INFORMACJA Z OTWARCIA OFERT<\/a><\/p>\n<p>&nbsp;<\/p>\n<p>&nbsp;<\/p>\n<hr \/>\n<p style=\"text-align: right;\"><span style=\"color: #ff0000;\">AKTUALIZACJA 02.12.2022 r<\/span><\/p>\n<p style=\"text-align: center;\"><strong>UBEZPIECZENIE MAJ\u0104TKU I INNYCH INTERES\u00d3W<\/strong><br \/>\n<strong>ZAK\u0141ADU WODOCI\u0104G\u00d3W I KANALIZACJI SP\u00d3\u0141KA Z OGRANICZON\u0104<\/strong><br \/>\n<strong>ODPOWIEDZIALNO\u015aCI\u0104 W BYSTRZYCY K\u0141ODZKIEJ<\/strong><\/p>\n<p style=\"text-align: center;\"><a href=\"https:\/\/serwer1880945.home.pl\/pliki\/UBEZPIECZENIE\/informacja_o_kwocie.pdf\">INFORMACJA O KWOCIE JAK\u0104 ZAMAWIAJ\u0104CY<\/a><br \/>\n<a href=\"https:\/\/serwer1880945.home.pl\/pliki\/UBEZPIECZENIE\/informacja_o_kwocie.pdf\">ZAMIERZA PRZEZNACZY\u0106 NA SFINANSOWANIE ZAM\u00d3WIENIA<\/a><\/p>\n<p>&nbsp;<\/p>\n<p>&nbsp;<\/p>\n<hr \/>\n<p style=\"text-align: right;\"><span style=\"color: #ff0000;\">AKTUALIZACJA 29.11.2022 r<\/span><\/p>\n<p style=\"text-align: center;\"><strong>UBEZPIECZENIE MAJ\u0104TKU I INNYCH INTERES\u00d3W<\/strong><br \/>\n<strong>ZAK\u0141ADU WODOCI\u0104G\u00d3W I KANALIZACJI SP\u00d3\u0141KA Z OGRANICZON\u0104<\/strong><br \/>\n<strong>ODPOWIEDZIALNO\u015aCI\u0104 W BYSTRZYCY K\u0141ODZKIEJ<\/strong><\/p>\n<p style=\"text-align: center;\"><a href=\"https:\/\/serwer1880945.home.pl\/pliki\/UBEZPIECZENIE\/odpowiedzinapytania29112022.pdf\">ODPOWIEDZI NA PYTANIA 29.11.2022 R.<\/a><\/p>\n<p>&nbsp;<\/p>\n<hr \/>\n<p style=\"text-align: right;\"><span style=\"color: #ff0000;\">AKTUALIZACJA 28.11.2022 r<\/span><\/p>\n<p style=\"text-align: center;\"><strong>UBEZPIECZENIE MAJ\u0104TKU I INNYCH INTERES\u00d3W<\/strong><br \/>\n<strong>ZAK\u0141ADU WODOCI\u0104G\u00d3W I KANALIZACJI SP\u00d3\u0141KA Z OGRANICZON\u0104<\/strong><br \/>\n<strong>ODPOWIEDZIALNO\u015aCI\u0104 W BYSTRZYCY K\u0141ODZKIEJ<\/strong><\/p>\n<p style=\"text-align: center;\"><a href=\"https:\/\/serwer1880945.home.pl\/pliki\/UBEZPIECZENIE\/odpowiedzinapytania28112022.pdf\">ODPOWIEDZI NA PYTANIA 28.11.2022 R.<\/a><\/p>\n<p>&nbsp;<\/p>\n<p>&nbsp;<\/p>\n<hr \/>\n<p style=\"text-align: right;\"><span style=\"color: #ff0000;\">AKTUALIZACJA 24.11.2022 r<\/span><\/p>\n<p style=\"text-align: center;\"><strong>UBEZPIECZENIE MAJ\u0104TKU I INNYCH INTERES\u00d3W<\/strong><br \/>\n<strong>ZAK\u0141ADU WODOCI\u0104G\u00d3W I KANALIZACJI SP\u00d3\u0141KA Z OGRANICZON\u0104<\/strong><br \/>\n<strong>ODPOWIEDZIALNO\u015aCI\u0104 W BYSTRZYCY K\u0141ODZKIEJ<\/strong><\/p>\n<p style=\"text-align: center;\"><a href=\"https:\/\/serwer1880945.home.pl\/pliki\/UBEZPIECZENIE\/odpowiedzinapytania24112022.pdf\">ODPOWIEDZI NA PYTANIA 24.11.2022 R.<\/a><\/p>\n<p>&nbsp;<\/p>\n<p>&nbsp;<\/p>\n<hr \/>\n<p style=\"text-align: right;\"><span style=\"color: #ff0000;\">AKTUALIZACJA 18.11.2022 r<\/span><\/p>\n<p style=\"text-align: center;\"><strong>UBEZPIECZENIE MAJ\u0104TKU I INNYCH INTERES\u00d3W<\/strong><br \/>\n<strong>ZAK\u0141ADU WODOCI\u0104G\u00d3W I KANALIZACJI SP\u00d3\u0141KA Z OGRANICZON\u0104<\/strong><br \/>\n<strong>ODPOWIEDZIALNO\u015aCI\u0104 W BYSTRZYCY K\u0141ODZKIEJ<\/strong><\/p>\n<p style=\"text-align: center;\"><a href=\"https:\/\/serwer1880945.home.pl\/pliki\/UBEZPIECZENIE\/swzpoprawiony18112022.docx\">SPECYFIKACJA WARUNK\u00d3W ZAM\u00d3WIENIA (poprawki z dnia 18.11.2022 r.)<\/a><\/p>\n<p style=\"text-align: center;\"><a href=\"https:\/\/serwer1880945.home.pl\/pliki\/UBEZPIECZENIE\/odpowiedzinapytania.pdf\">ODPOWIEDZI NA PYTANIA 18.11.2022 R.<\/a><\/p>\n<p>&nbsp;<\/p>\n<hr \/>\n<p style=\"text-align: right;\"><span style=\"color: #ff0000;\">AKTUALIZACJA 15.11.2022 r<\/span><\/p>\n<p style=\"text-align: center;\"><strong>UBEZPIECZENIE MAJ\u0104TKU I INNYCH INTERES\u00d3W<\/strong><br \/>\n<strong>ZAK\u0141ADU WODOCI\u0104G\u00d3W I KANALIZACJI SP\u00d3\u0141KA Z OGRANICZON\u0104<\/strong><br \/>\n<strong>ODPOWIEDZIALNO\u015aCI\u0104 W BYSTRZYCY K\u0141ODZKIEJ<\/strong><\/p>\n<p style=\"text-align: center;\"><a href=\"https:\/\/serwer1880945.home.pl\/pliki\/UBEZPIECZENIE\/zmiana.pdf\">OG\u0141OSZENIE O ZMIANIE OG\u0141OSZENIA<\/a><\/p>\n<p style=\"text-align: center;\"><a href=\"https:\/\/serwer1880945.home.pl\/pliki\/UBEZPIECZENIE\/swzpoprawiony.docx\">SPECYFIKACJA WARUNK\u00d3W ZAM\u00d3WIENIA (z poprawkami)<\/a><\/p>\n<hr \/>\n<hr \/>\n<p style=\"text-align: center;\"><strong>UBEZPIECZENIE MAJ\u0104TKU I INNYCH INTERES\u00d3W<\/strong><br \/>\n<strong>ZAK\u0141ADU WODOCI\u0104G\u00d3W I KANALIZACJI SP\u00d3\u0141KA Z OGRANICZON\u0104<\/strong><br \/>\n<strong>ODPOWIEDZIALNO\u015aCI\u0104 W BYSTRZYCY K\u0141ODZKIEJ<\/strong><\/p>\n<p>&nbsp;<\/p>\n<p style=\"text-align: center;\"><a href=\"https:\/\/serwer1880945.home.pl\/pliki\/UBEZPIECZENIE\/ogloszenie.pdf\">OG\u0141OSZENIE O ZAM\u00d3WIENIU<\/a><\/p>\n<p style=\"text-align: center;\"><a href=\"https:\/\/serwer1880945.home.pl\/pliki\/UBEZPIECZENIE\/swz.docx\">SPECYFIKACJA WARUNK\u00d3W ZAM\u00d3WIENIA<\/a><\/p>\n<p style=\"text-align: center;\"><a href=\"https:\/\/serwer1880945.home.pl\/pliki\/UBEZPIECZENIE\/opz.docx\">OPIS PRZEDMIOTU ZAM\u00d3WIENIA<\/a><\/p>\n<p style=\"text-align: center;\"><a href=\"https:\/\/serwer1880945.home.pl\/pliki\/UBEZPIECZENIE\/1esiwz.xlsx\">ZA\u0141\u0104CZNIK 1e DO SIWZ<\/a><\/p>\n<p style=\"text-align: center;\"><strong>Adres strony internetowej prowadzonego post\u0119powania:<\/strong><br \/>\n<a href=\"https:\/\/ezamowienia.gov.pl\/mp-client\/search\/list\/ocds-148610-175c7464-5c1f-11ed-9171-f6b7c7d59353\">https:\/\/ezamowienia.gov.pl\/mp-client\/search\/list\/ocds-148610-175c7464-5c1f-11ed-9171-f6b7c7d59353<\/a><\/p>\n<p>&nbsp;<\/p>\n<p style=\"text-align: center;\"><strong>WSZELKIE PYTANIA DOTYCZ\u0104CE W\/W POST\u0118POWANIA <\/strong><\/p>\n<p style=\"text-align: center;\"><strong>PROSIMY KIEROWA\u0106 NA ADRES:<\/strong><\/p>\n<p style=\"text-align: center;\">sekretariat@zwikbystrzyca.pl<\/p>\n<p>&nbsp;<\/p>\n<p style=\"text-align: left;\"><strong><span style=\"color: #ff0000;\">W celu z\u0142o\u017cenia oferty nale\u017cy post\u0119powa\u0107 zgodnie z poni\u017cszymi wskaz\u00f3wkami:<\/span><\/strong><br \/>\n<strong><span style=\"color: #ff0000;\">1) wybra\u0107 stron\u0119 internetow\u0105 prowadzonego post\u0119powania, zalogowa\u0107 si\u0119 na platform\u0119 e-Zam\u00f3wienia a nast\u0119pnie przej\u015b\u0107<\/span><\/strong><br \/>\n<strong><span style=\"color: #ff0000;\">do zak\u0142adki \u201eOferty\/wnioski\u201d widocznej w podgl\u0105dzie post\u0119powania,<\/span><\/strong><br \/>\n<strong><span style=\"color: #ff0000;\">2) po wybraniu przycisku \u201eZ\u0142\u00f3\u017c ofert\u0119\u201d uka\u017c\u0105 si\u0119 wykonawcy dwa pola, tj.:<\/span><\/strong><br \/>\n<strong><span style=\"color: #ff0000;\">a) \u201eWype\u0142niony formularz oferty\u201d<\/span><\/strong><br \/>\n<strong><span style=\"color: #ff0000;\">b) \u201eZa\u0142\u0105czniki i inne dokumenty przedstawiane w ofercie przez Wykonawc\u0119\u201d.<\/span><\/strong><br \/>\n<strong><span style=\"color: #ff0000;\">3) wykonawca dodaje wybrany z dysku i uprzednio podpisany formularz oferty w pierwszym polu (\u201eWype\u0142niony formularz<\/span><\/strong><br \/>\n<strong><span style=\"color: #ff0000;\">oferty\u201d). W kolejnym polu (\u201eZa\u0142\u0105czniki i inne dokumenty przedstawione w ofercie przez Wykonawc\u0119\u201d) wykonawca dodaje<\/span><\/strong> <strong><span style=\"color: #ff0000;\">pozosta\u0142e pliki sk\u0142adane wraz z ofert\u0105. Nast\u0119pnie wybiera przycisk \u201eWy\u015blij pliki i z\u0142\u00f3\u017c ofert\u0119\u201d,<\/span><\/strong><br \/>\n<strong><span style=\"color: #ff0000;\">4) je\u017celi wraz z ofert\u0105 sk\u0142adane s\u0105 dokumenty zawieraj\u0105ce tajemnic\u0119 przedsi\u0119biorstwa wykonawca, w celu utrzymania w <\/span><\/strong><strong><span style=\"color: #ff0000;\">poufno\u015bci tych informacji, przekazuje je w wydzielonym i odpowiednio oznaczonym pliku, wraz z jednoczesnym<\/span><\/strong><br \/>\n<strong><span style=\"color: #ff0000;\">zaznaczeniem w nazwie pliku \u201eDokument stanowi\u0105cy tajemnic\u0119 przedsi\u0119biorstwa\u201d. Zar\u00f3wno za\u0142\u0105cznik stanowi\u0105cy tajemnic\u0119<\/span><\/strong><br \/>\n<strong><span style=\"color: #ff0000;\">przedsi\u0119biorstwa, jak i uzasadnienie zastrze\u017cenia tajemnicy przedsi\u0119biorstwa, nale\u017cy doda\u0107 w polu \u201eZa\u0142\u0105czniki i inne<\/span><\/strong><br \/>\n<strong><span style=\"color: #ff0000;\">dokumenty przedstawione w ofercie przez Wykonawc\u0119\u201d.<\/span><\/strong><br \/>\n<strong><span style=\"color: #ff0000;\">5) system sprawdza, czy z\u0142o\u017cone pliki s\u0105 podpisane i automatycznie je szyfruje, jednocze\u015bnie informuj\u0105c o tym wykonawc\u0119.<\/span><\/strong><br \/>\n<strong><span style=\"color: #ff0000;\">Potwierdzenie czasu przekazania i odbioru oferty znajduje si\u0119 w Elektronicznym Potwierdzeniu Przes\u0142ania (EPP) i<\/span><\/strong><br \/>\n<strong><span style=\"color: #ff0000;\">Elektronicznym Potwierdzeniu Odebrania (EPO). EPP i EPO dost\u0119pne s\u0105 dla zalogowanego wykonawcy w zak\u0142adce <\/span><\/strong><strong><span style=\"color: #ff0000;\">\u201eOferty\/Wnioski\u201d.<\/span><\/strong><br \/>\n<strong><span style=\"color: #ff0000;\">3. Oferta mo\u017ce by\u0107 z\u0142o\u017cona tylko do up\u0142ywu terminu sk\u0142adania ofert.<\/span><\/strong><br \/>\n<strong><span style=\"color: #ff0000;\">4. Wykonawca mo\u017ce przed up\u0142ywem terminu sk\u0142adania ofert wycofa\u0107 ofert\u0119. Wykonawca wycofuje ofert\u0119 w zak\u0142adce <\/span><\/strong><strong><span style=\"color: #ff0000;\">\u201eOferty\/wnioski\u201d u\u017cywaj\u0105c przycisku \u201eWycofaj ofert\u0119\u201d.<\/span><\/strong><br \/>\n<strong><span style=\"color: #ff0000;\">5. Maksymalny \u0142\u0105czny rozmiar plik\u00f3w stanowi\u0105cych ofert\u0119 lub sk\u0142adanych wraz z ofert\u0105 to 250 MB.<\/span><\/strong><br \/>\n<strong><span style=\"color: #ff0000;\">6. O terminie z\u0142o\u017cenia oferty decyduje czas otrzymania zaszyfrowanego pliku oferty przez platform\u0119 e-Zam\u00f3wienia.<\/span><\/strong><\/p>\n<p style=\"text-align: left;\">\n","protected":false},"excerpt":{"rendered":"<p>AKTUALIZACJA 05.01.2023 r UBEZPIECZENIE MAJ\u0104TKU I INNYCH INTERES\u00d3W ZAK\u0141ADU WODOCI\u0104G\u00d3W I KANALIZACJI SP\u00d3\u0141KA Z OGRANICZON\u0104 ODPOWIEDZIALNO\u015aCI\u0104 W BYSTRZYCY K\u0141ODZKIEJ OG\u0141OSZENIE O WYNIKU POST\u0118POWANIA &nbsp; &nbsp; &nbsp; AKTUALIZACJA 14.12.2022 r UBEZPIECZENIE MAJ\u0104TKU I INNYCH INTERES\u00d3W ZAK\u0141ADU WODOCI\u0104G\u00d3W I KANALIZACJI SP\u00d3\u0141KA Z OGRANICZON\u0104 ODPOWIEDZIALNO\u015aCI\u0104 W BYSTRZYCY K\u0141ODZKIEJ INFORMACJA O WYBORZE OFERTY &nbsp; &hellip;<\/p>\n","protected":false},"author":2,"featured_media":0,"parent":1396,"menu_order":1,"comment_status":"closed","ping_status":"closed","template":"","meta":{"footnotes":""},"class_list":["post-903","page","type-page","status-publish","hentry"],"_links":{"self":[{"href":"https:\/\/zwikbystrzyca.pl\/index.php?rest_route=\/wp\/v2\/pages\/903","targetHints":{"allow":["GET"]}}],"collection":[{"href":"https:\/\/zwikbystrzyca.pl\/index.php?rest_route=\/wp\/v2\/pages"}],"about":[{"href":"https:\/\/zwikbystrzyca.pl\/index.php?rest_route=\/wp\/v2\/types\/page"}],"author":[{"embeddable":true,"href":"https:\/\/zwikbystrzyca.pl\/index.php?rest_route=\/wp\/v2\/users\/2"}],"replies":[{"embeddable":true,"href":"https:\/\/zwikbystrzyca.pl\/index.php?rest_route=%2Fwp%2Fv2%2Fcomments&post=903"}],"version-history":[{"count":22,"href":"https:\/\/zwikbystrzyca.pl\/index.php?rest_route=\/wp\/v2\/pages\/903\/revisions"}],"predecessor-version":[{"id":1253,"href":"https:\/\/zwikbystrzyca.pl\/index.php?rest_route=\/wp\/v2\/pages\/903\/revisions\/1253"}],"up":[{"embeddable":true,"href":"https:\/\/zwikbystrzyca.pl\/index.php?rest_route=\/wp\/v2\/pages\/1396"}],"wp:attachment":[{"href":"https:\/\/zwikbystrzyca.pl\/index.php?rest_route=%2Fwp%2Fv2%2Fmedia&parent=903"}],"curies":[{"name":"wp","href":"https:\/\/api.w.org\/{rel}","templated":true}]}}